{"id":8,"date":"2017-11-13T14:58:04","date_gmt":"2017-11-13T14:58:04","guid":{"rendered":"https:\/\/www.icasarg.com\/pub\/?page_id=8"},"modified":"2025-09-23T14:49:18","modified_gmt":"2025-09-23T14:49:18","slug":"quienes-somos","status":"publish","type":"page","link":"https:\/\/www.icasarg.com\/pub\/quienes-somos\/","title":{"rendered":"Quienes Somos"},"content":{"rendered":"<div id=\"top\" class=\"link-ref\"><\/div>\n<div class=\"banner-top\">\n<h1>Quienes Somos<\/h1>\n<div>Inicio \/ Quienes Somos<\/div>\n<\/div>\n<div id=\"historia\" class=\"link-ref\"><\/div>\n<div class=\"container\">\n<section class=\"history\">\n<div class=\"row\">\n<div class=\"col-md-4 title-pane\">\n<h2><span class=\"OYPEnA font-feature-liga-off font-feature-clig-off font-feature-calt-off text-decoration-none text-strikethrough-none\">ICAS World y Lyra Health &#8211; una marca, un objetivo<\/span><\/h2>\n<\/div>\n<div class=\"col-md-5\">\n<div>\n<div>\n<div>\n<p>Fundada en 1987 en Inglaterra, ICAS World fue uno de los pioneros del programa EAP. Durante 35 a\u00f1os, ha construido un alcance global en cooperaci\u00f3n con socios que conocen los mercados locales. Lyra Health, por otro lado, fue fundada en 2015 en Silicon Valley, EE. UU. Su misi\u00f3n era mejorar la disponibilidad y eficiencia de los servicios de salud mental mediante el uso de tecnolog\u00eda y enfoque basados en datos.<\/p>\n<\/div>\n<\/div>\n<div>\n<div>\n<p>En 2022, ICAS World y Lyra Health unieron fuerzas, y nosotros, ahora <strong>Lyra Latina<\/strong>, estamos utilizando los valiosos recursos y la experiencia de ambas organizaciones. Gracias a esto, podemos proporcionar una calidad a\u00fan mejor de nuestros servicios y un apoyo de salud mental m\u00e1s completo.<\/p>\n<p><span class=\"OYPEnA font-feature-liga-off font-feature-clig-off font-feature-calt-off text-decoration-none text-strikethrough-none\">Desde el 2000 <strong>Lyra Latina<\/strong>, anteriormente <strong>ICAS Latina<\/strong>, ha sido un proveedor l\u00edder de Programas de Asistencia al Empleado. Con determinaci\u00f3n, constancia y transparencia, apoyamos a las empresas en la construcci\u00f3n de un ambiente de trabajo positivo y amigable. Nuestra eficacia ha sido reconocida por m\u00e1s de 250 empleadores en America Latina , y 250.000 empleados junto con sus familiares.<\/span><\/p>\n<\/div>\n<\/div>\n<\/div>\n<\/div>\n<div class=\"col-md-3 contact-panel\">\n<div class=\"a-pdf\"><a href=\"\/pub\/contactenos\">Cont\u00e1ctenos<\/a><\/div>\n<div class=\"info\">Para mas informaci\u00f3n no deje de contactarnos<\/div>\n<div class=\"phone\"><a href=\"tel:+541147857835\">+54 11 4785 7835<\/a><\/div>\n<p><a class=\"mail\" href=\"mailto:info@lyralatina.com\"><br \/>\ninfo@lyralatina.com<br \/>\n<\/a><\/p>\n<\/div>\n<\/div>\n<\/section>\n<\/div>\n<div id=\"nuestroEnfoque\" class=\"link-ref\"><\/div>\n<section class=\"focus\">\n<div class=\"blue-title\">\n<h2>Nuestro Enfoque<\/h2>\n<\/div>\n<div class=\"container\">\n<div class=\"row\">\n<div class=\"col-md-10 col-md-offset-1 focus-body\">\n<div class=\"focus-p\">\n<p>\u201cTenemos la convicci\u00f3n de que nuestros valores pueden ser transitados<br \/>\ny el alcance de nuestra Misi\u00f3n no es una utop\u00eda a\u00fan en realidades y<br \/>\ncontextos dif\u00edciles y cambiantes\u201d.<\/p>\n<\/div>\n<div class=\"col-md-4\">\n<div class=\"focus-box back1\">\n<div class=\"focus-box-panel\">\n<p><img decoding=\"async\" class=\"icon\" src=\"\/pub\/wp-content\/themes\/icas\/img\/quienessomos\/icon1.png\" \/><\/p>\n<h3>VISI\u00d3N GLOBAL<\/h3>\n<p>Valores: Excelencia, innovaci\u00f3n,respeto e integridad son los ejes<br \/>\nque rigen nuestra pr\u00e1ctica profesional y comercial.<\/p>\n<\/div>\n<\/div>\n<\/div>\n<div class=\"col-md-4\">\n<div class=\"focus-box back2\">\n<div class=\"focus-box-panel\">\n<p><img decoding=\"async\" class=\"icon\" src=\"\/pub\/wp-content\/themes\/icas\/img\/quienessomos\/icon2.png\" \/><\/p>\n<h3>VISI\u00d3N<\/h3>\n<p>Ser l\u00edderes regionales en la provisi\u00f3n confiable de Programas<br \/>\nde Asistencia al Empleado y en el desarrollo del bienestar de<br \/>\nla poblaci\u00f3n laboral de nuestros clientes.<\/p>\n<\/div>\n<\/div>\n<\/div>\n<div class=\"col-md-4\">\n<div class=\"focus-box back3\">\n<div class=\"focus-box-panel\">\n<p><img decoding=\"async\" class=\"icon\" src=\"\/pub\/wp-content\/themes\/icas\/img\/quienessomos\/icon3.png\" \/><\/p>\n<h3>MISI\u00d3N<\/h3>\n<p>Promover el bienestar integral y la productividad de los equipos humanos<br \/>\nde las organizaciones clientes.<\/p>\n<\/div>\n<\/div>\n<\/div>\n<\/div>\n<\/div>\n<\/div>\n<\/section>\n","protected":false},"excerpt":{"rendered":"<p>Quienes Somos Inicio \/ Quienes Somos ICAS World y Lyra Health &#8211; una marca, un objetivo Fundada en 1987 en Inglaterra, ICAS World fue uno de los pioneros del programa EAP. Durante 35 a\u00f1os, ha construido un alcance global en cooperaci\u00f3n con socios que conocen los mercados locales. Lyra Health, por otro lado, fue fundada [&hellip;]<\/p>\n","protected":false},"author":1,"featured_media":0,"parent":0,"menu_order":0,"comment_status":"closed","ping_status":"closed","template":"","meta":{"_joinchat":[]},"_links":{"self":[{"href":"https:\/\/www.icasarg.com\/pub\/wp-json\/wp\/v2\/pages\/8"}],"collection":[{"href":"https:\/\/www.icasarg.com\/pub\/wp-json\/wp\/v2\/pages"}],"about":[{"href":"https:\/\/www.icasarg.com\/pub\/wp-json\/wp\/v2\/types\/page"}],"author":[{"embeddable":true,"href":"https:\/\/www.icasarg.com\/pub\/wp-json\/wp\/v2\/users\/1"}],"replies":[{"embeddable":true,"href":"https:\/\/www.icasarg.com\/pub\/wp-json\/wp\/v2\/comments?post=8"}],"version-history":[{"count":26,"href":"https:\/\/www.icasarg.com\/pub\/wp-json\/wp\/v2\/pages\/8\/revisions"}],"predecessor-version":[{"id":712,"href":"https:\/\/www.icasarg.com\/pub\/wp-json\/wp\/v2\/pages\/8\/revisions\/712"}],"wp:attachment":[{"href":"https:\/\/www.icasarg.com\/pub\/wp-json\/wp\/v2\/media?parent=8"}],"curies":[{"name":"wp","href":"https:\/\/api.w.org\/{rel}","templated":true}]}}